{"id":1239,"date":"2024-04-25T14:04:23","date_gmt":"2024-04-25T12:04:23","guid":{"rendered":"https:\/\/www.maisondelight-168.com\/homepage\/?post_type=product&#038;p=1239"},"modified":"2024-05-07T15:05:53","modified_gmt":"2024-05-07T13:05:53","slug":"japanische-damen-jacke-kraniche-ueber-dem-meer","status":"publish","type":"product","link":"https:\/\/www.maisondelight-168.com\/homepage\/produkt\/japanische-damen-jacke-kraniche-ueber-dem-meer\/","title":{"rendered":"Japanische Damen Jacke &#8220;Kraniche \u00fcber dem Meer&#8221;"},"content":{"rendered":"<p>Blaue, elegante Jacke mit dem Druck &#8216;Kraniche \u00fcber dem Meer&#8217; aus 100% Baumwolle. Zur Auswahl stehen blaue schlichte oder sportliche Ringelb\u00fcndchen.<\/p>\n<p>Sie ist f\u00fcr jeden Tag, kombiniert mit unifarbenem Outfit passt sie aber auch zu einem locker eleganten Abendlook!<\/p>\n<p>Hinweis: Durch den Zuschnitt weicht die f\u00fcr Dich gefertigte Jacke vom Muster dieser Abbildung leicht ab.<br \/>Die extra f\u00fcr Dich gefertigte Jacke wird Dir innerhalb von 10-20 Werktagen zugesandt.<br \/>Als Sonderanfertigung gegen Aufpreis m\u00f6glich, damit &#8216;Kraniche \u00fcber dem Meer&#8217; wie angegossen passt. Bitte hinterlass uns bei Deiner Bestellung einen Hinweis im Bemerkungsfeld.<\/p>\n","protected":false},"excerpt":{"rendered":"<p>Blaue, elegante Jacke mit dem Druck &#8216;Kraniche \u00fcber dem Meer&#8217; aus 100% Baumwolle.<\/p>\n","protected":false},"featured_media":949,"template":"","meta":[],"product_cat":[48,44,45],"product_tag":[],"translation":{"provider":"WPGlobus","version":"2.12.2","language":"de","enabled_languages":["de","en"],"languages":{"de":{"title":true,"content":true,"excerpt":true},"en":{"title":false,"content":false,"excerpt":false}}},"_links":{"self":[{"href":"https:\/\/www.maisondelight-168.com\/homepage\/wp-json\/wp\/v2\/product\/1239"}],"collection":[{"href":"https:\/\/www.maisondelight-168.com\/homepage\/wp-json\/wp\/v2\/product"}],"about":[{"href":"https:\/\/www.maisondelight-168.com\/homepage\/wp-json\/wp\/v2\/types\/product"}],"wp:featuredmedia":[{"embeddable":true,"href":"https:\/\/www.maisondelight-168.com\/homepage\/wp-json\/wp\/v2\/media\/949"}],"wp:attachment":[{"href":"https:\/\/www.maisondelight-168.com\/homepage\/wp-json\/wp\/v2\/media?parent=1239"}],"wp:term":[{"taxonomy":"product_cat","embeddable":true,"href":"https:\/\/www.maisondelight-168.com\/homepage\/wp-json\/wp\/v2\/product_cat?post=1239"},{"taxonomy":"product_tag","embeddable":true,"href":"https:\/\/www.maisondelight-168.com\/homepage\/wp-json\/wp\/v2\/product_tag?post=1239"}],"curies":[{"name":"wp","href":"https:\/\/api.w.org\/{rel}","templated":true}]}}