{"id":1165,"date":"2024-04-25T13:45:41","date_gmt":"2024-04-25T11:45:41","guid":{"rendered":"https:\/\/www.maisondelight-168.com\/homepage\/?post_type=product&#038;p=1165"},"modified":"2024-05-07T14:23:06","modified_gmt":"2024-05-07T12:23:06","slug":"damen-roll-up-t-shirt-mit-goldenem-hokusai-medley-print-weiss","status":"publish","type":"product","link":"https:\/\/www.maisondelight-168.com\/homepage\/produkt\/damen-roll-up-t-shirt-mit-goldenem-hokusai-medley-print-weiss\/","title":{"rendered":"Damen Roll Up T-Shirt mit goldenem &#8220;Hokusai Medley&#8221; Print, wei\u00df"},"content":{"rendered":"<p>L\u00e4ssiges T-Shirt aus wei\u00dfem Jersey (100% Bio-Baumwolle, GOTS-zertifiziert) mit Rundhals, goldenem Siebdruck Hokusai Print sowie modischen Roll Up-\u00c4rmeln. Ein schickes Alltagstop mit dem gewissen Etwas, in dem Du gut angezogen wirkst! Passt zu Jeans oder elegantem Rock gleicherma\u00dfen!<\/p>\n","protected":false},"excerpt":{"rendered":"<p>L\u00e4ssiges T-Shirt aus wei\u00dfem Jersey mit Rundhals, goldenem Siebdruck Hokusai Print sowie modischen Roll Up-\u00c4rmeln.<\/p>\n","protected":false},"featured_media":1169,"template":"","meta":[],"product_cat":[48,49,45],"product_tag":[],"translation":{"provider":"WPGlobus","version":"2.12.2","language":"de","enabled_languages":["de","en"],"languages":{"de":{"title":true,"content":true,"excerpt":true},"en":{"title":false,"content":false,"excerpt":false}}},"_links":{"self":[{"href":"https:\/\/www.maisondelight-168.com\/homepage\/wp-json\/wp\/v2\/product\/1165"}],"collection":[{"href":"https:\/\/www.maisondelight-168.com\/homepage\/wp-json\/wp\/v2\/product"}],"about":[{"href":"https:\/\/www.maisondelight-168.com\/homepage\/wp-json\/wp\/v2\/types\/product"}],"wp:featuredmedia":[{"embeddable":true,"href":"https:\/\/www.maisondelight-168.com\/homepage\/wp-json\/wp\/v2\/media\/1169"}],"wp:attachment":[{"href":"https:\/\/www.maisondelight-168.com\/homepage\/wp-json\/wp\/v2\/media?parent=1165"}],"wp:term":[{"taxonomy":"product_cat","embeddable":true,"href":"https:\/\/www.maisondelight-168.com\/homepage\/wp-json\/wp\/v2\/product_cat?post=1165"},{"taxonomy":"product_tag","embeddable":true,"href":"https:\/\/www.maisondelight-168.com\/homepage\/wp-json\/wp\/v2\/product_tag?post=1165"}],"curies":[{"name":"wp","href":"https:\/\/api.w.org\/{rel}","templated":true}]}}